igit of d?
2
Let s(t) = -t**3 + 38*t**2 + 25*t + 20. What is the ten thousands digit of s(-17)?
1
Suppose 5*p + 5943 = -4*r + 1023, -5*p - 3*r = 4920. Let s = p - -2037. What is the tens digit of s?
5
Suppose -5*z - 91894 = -t, 4*t + 181*z - 367691 = 178*z. What is the units digit of t?
9
Let s be (-33)/2*2/(-3). Suppose -7*x - 4*x + s = 0. Let w(g) = 42*g**3 + 3*g**2 - 4*g + 2. What is the units digit of w(x)?
3
Suppose 5*v + 3*h = 30, 13*v = 16*v + 4*h - 29. Suppose -n + 560 = v*j, j + 4*j - 10 = 0. What is the tens digit of n?
5
Let w(j) = j**3 - 11*j**2 + 6*j - 32. Let x be w(10). Let d = x - -374. What is the tens digit of d?
0
Suppose -78*h - 2688 = -84*h. Let w be (-2605)/(-4) - (-3)/(-12). Let o = w - h. What is the tens digit of o?
0
Let b be (-26)/(-117) + 1262/(-9). Suppose 4*t + 3*d = 825, t + t - 4*d = 418. Let y = t + b. What is the units digit of y?
7
Suppose 37*o + 16*o - 159582 = 606427. What is the thousands digit of o?
4
Let v(i) = i**2 - 5*i + 191. Suppose -5*n = h - 10, -n - 1 + 3 = 4*h. What is the units digit of v(h)?
1
Let o = 464 + 2746. Let j = o - 1763. What is the thousands digit of j?
1
Suppose i - 111 = -2*i. Suppose -n - 40 = -i. What is the units digit of 27/21 - (n - (-46)/14)?
1
Suppose 0 = -68*d - 10*d + 710673 + 2800185. What is the units digit of d?
1
Let k = -93 - -111. Suppose -22*m = -k*m - 416. Suppose m + 22 = 9*h. What is the tens digit of h?
1
Let v = 19350 - 3313. What is the ten thousands digit of v?
1
Let p = 62 - 48. Let u = 240 - 348. What is the units digit of u/(-14) - (-4)/p?
8
Suppose 0 = 2*t + 5*n + 11, 33*n = -2*t + 38*n + 19. What is the thousands digit of (-200)/70*((-767)/t + 2)?
1
Suppose -3*a + 16 = a. Suppose 380 = a*r + 2*h, -3*r + 5*h + 394 = r. Suppose v - 28 = 3*d, 2*v - r = -v - 3*d. What is the tens digit of v?
3
Suppose -23*z - 249 + 65 = 0. What is the hundreds digit of (10/(-1) - z) + 5*70?
3
Let u be ((-3)/(-6))/(8/48). Suppose v + 3*y + 30 = 0, 0 = -4*v + u*y - 1 - 74. Let x = 88 + v. What is the tens digit of x?
6
Suppose -8*c + 3*c + 3*x = -32400, 0 = 3*c + 3*x - 19440. What is the units digit of c?
0
Let w(p) = -p**2 - 8*p - 10. Let l be w(-6). Suppose -3*o - l = -11. Suppose 4*g - 2*m - 158 = 0, 119 = o*g - m - 0*m. What is the units digit of g?
0
Let q be (1 + (3 - 3))/((-2)/(-1126)). Suppose 2*w - 1398 = -4*p, 4*w = -3*p + 473 + q. Suppose 23*n - p = 19*n. What is the tens digit of n?
8
Let g(i) be the second derivative of -i**3/3 + 15*i**2 - 27*i. Let c be g(12). Suppose c*j - 1056 = -138. What is the units digit of j?
3
Suppose -3*n + 2625 = 3*d - 4098, 3*n - 6713 = -d. What is the hundreds digit of n?
2
Let m = 66 - 61. Suppose -4298 = -5*p + m*z + 772, 3*p - 3045 = 2*z. What is the thousands digit of p?
1
Suppose -3*g + 4*g = 10. Suppose -g*x = -6*x - 852. What is the tens digit of x?
1
Suppose 205*n - 441905 = 370*n - 196*n. What is the hundreds digit of n?
2
Let s = 19 + -41. Let u(l) = -63*l**2 - 2*l - 2. Let a be u(-1). Let f = s - a. What is the units digit of f?
1
Suppose -6*y + 252 = -20*y. Suppose -74 = -7*x + 80. Let q = y + x. What is the units digit of q?
4
Let v(p) = -p**2 + 26*p - 6. Let y be v(27). Let r = 38 + y. Suppose -4*n + 513 = 3*f - 277, 3*f - 788 = -r*n. What is the units digit of f?
6
What is the units digit of 95/30*-2*-177?
1
Let g = -18834 - -35284. What is the hundreds digit of g?
4
Let y(j) = -174*j**2 - 13*j - 8. Let m be y(4). What is the units digit of (-6)/(-51) + m/(-102)?
8
Let k be (-89)/4 + 18/(-24). Let h = -21 - k. Suppose 1 = t - 1, -h*q + 48 = -5*t. What is the units digit of q?
9
Suppose 7*x - 23050 = -4*i, -161*x + 166*x + 11474 = 2*i. What is the thousands digit of i?
5
Let w be 1004/14 - 8/(-28). Suppose -w*r = -71*r. What is the units digit of 20/12*(3 + r)?
5
What is the units digit of (-91)/637 + (-453522)/(-42)?
8
Let i(w) = 19*w**2 + 6*w - 926. What is the thousands digit of i(28)?
4
Let u(c) = 17*c - 23. Let o be u(2). What is the units digit of (o - 6)*6/(-10) - -360?
7
Let f(g) = 564*g**2 - 4*g - 4. Let b = -590 - -589. What is the hundreds digit of f(b)?
5
Suppose h + 5 = 0, 43*j - 38*j - 151815 = 3*h. What is the units digit of j?
0
Suppose 11*m + 4*m = 60. Suppose -2*o + 2288 = 3*o + g, m*o - 3*g - 1819 = 0. Let a = o - 254. What is the units digit of a?
3
Suppose 5*u = -0*f + 3*f + 497, -4*f - 632 = u. Let a = f - -272. What is the hundreds digit of a?
1
Let d(z) = 10*z**3 - 29*z**2 - 10*z + 53. What is the units digit of d(6)?
9
Suppose -95*m - 54 = -86*m. What is the tens digit of 2 - m/(-18)*-3057?
2
Let z(v) = 3*v**3 + 8*v**2 + 18*v - 10. Let j be z(-6). Let f = j - -873. What is the hundreds digit of f?
3
Suppose 236*a - 87290 = 231*a. What is the ten thousands digit of a?
1
Suppose 2*h - 21 = -5. Suppose -10 - 14 = -h*x. Let t(w) = 4*w**3 - w**2 - w + 5. What is the hundreds digit of t(x)?
1
Let s be (4 - 52/8)*-2. Let w(t) = 98*t + 6. Let r be w(s). Suppose 5*j - 279 = r. What is the tens digit of j?
5
Let d = -479 - -2608. What is the tens digit of d?
2
Suppose -w + 10 = w. Let u(g) = 3*g**2 - 2*g + 36. What is the hundreds digit of u(w)?
1
Let p be 43475/5 + 3 - -6. Suppose -24*q + p = -10544. What is the tens digit of q?
0
Let c(z) = z**3 + 5*z**2 - 8*z - 3. Let n be c(-5). Let x = -60 + n. Let r = x - -95. What is the tens digit of r?
7
Let b(p) = -4*p - 29. Let u be b(-8). Suppose 4*t + 2016 = -3*k, -u*t + 4*k - 1595 = -58. Let f = -297 - t. What is the tens digit of f?
1
Let c = 125117 + -87069. Suppose 0 = 2*t + 27*t - c. What is the thousands digit of t?
1
Let m(g) = -4*g**2 - 1. Let j be m(-1). Let d(u) = 15*u**2 + 4*u + 25. Let x be d(j). Suppose -7*s - x = -12*s. What is the tens digit of s?
7
Suppose p - 2*p = -5*u - 40821, 122547 = 3*p - 3*u. What is the units digit of p?
6
Suppose 0 = -4*g - 1 + 13. Let w be (4/g + -1)*15. Suppose w*l - 56 = 24. What is the units digit of l?
6
Suppose -5*y - 2 + 12 = 0. Suppose -17 = 5*q + 5*p - y, -q + 5*p = -21. What is the hundreds digit of 149/q + -1 + 1?
1
What is the tens digit of ((-4970)/1)/((-42)/588 - 46/140)?
2
Suppose 149 = 21*h + 9494. Let g = h - -1126. What is the hundreds digit of g?
6
Let p(x) be the second derivative of 1/2*x**3 + 0 + 10*x + 2*x**2. What is the tens digit of p(13)?
4
Suppose -72432 = -4*k + 2*d - 24184, 0 = -4*k + 4*d + 48248. What is the units digit of k?
2
Suppose -3*o = 18, -11*c + 4*o + 50720 = -7*c. What is the ten thousands digit of c?
1
Let k(t) = 20*t - 27. Let s(f) = 40*f - 54. Suppose 0 = 3*n - 2 - 13. Let j(i) = n*k(i) - 2*s(i). What is the hundreds digit of j(11)?
1
What is the thousands digit of 332/(-166)*5309/(-2)?
5
Let w = -18875 + 35394. What is the tens digit of w?
1
What is the units digit of 163/(-2)*2*-18?
4
Let u(a) = -79*a - 22. Let r be u(-4). Let k = r - 195. What is the tens digit of k?
9
Suppose 26*y - 91 = 13. Suppose -u = 3*j - 878, -2*j + 587 = 3*u - y*u. What is the tens digit of j?
9
Suppose -2*k + 8 + 12 = 0. Let c = k - 24. What is the tens digit of ((-4)/c - 15/(-21)) + 37?
3
Let g(b) = 3*b**3 - 6*b**2 - b - 3*b**3 - b - b**3. Let y be g(-6). What is the units digit of 10/8 + -1 + y/16?
1
Let h(y) = 140*y + 4326. What is the thousands digit of h(0)?
4
What is the thousands digit of 53/(8 - 2133/267)?
4
Let u(y) = -72*y + 1310. What is the hundreds digit of u(-13)?
2
Let k = 26 + -32. Let w be ((-20)/k)/((-11)/(-1485)). Let c = w + -270. What is the tens digit of c?
8
Let z(b) be the first derivative of 2*b**3/3 + 4*b**2 + 2*b - 1. What is the units digit of z(3)?
4
Let z be 3 - (-1 + -4 + -3). Suppose 2*w = -m + 2465, 12*m = z*m - 3. What is the hundreds digit of w?
2
Let a = -541 - -2376. Suppose 3*m + h = a, -2*m + 0*h + 1195 = -5*h. What is the hundreds digit of m?
6
Let n(p) = 8765*p**2 - 145*p + 296. What is the hundreds digit of n(2)?
0
Let w(z) = -657*z + 9106. What is the units digit of w(-49)?
9
Let j(y) be the second derivative of -y**4/12 - 17*y**3/6 + 23*y**2/2 + 2*y. Let t be (-8 - (9 - 22))*-3. What is the units digit of j(t)?
3
Suppose -18 - 12 = -10*r. Suppose b = -5*z + z + 98, r*z - 82 = -5*b. What is the units digit of z?
4
Let l(f) = f + 21. Let v(j) be the first derivative of -j**4/4 + 2*j**3 - 5*j**2/2 - 1. Let n be v(5). What is the tens digit of l(n)?
2
L